84895?
False
Does 3815 divide 1378060007?
False
Does 7666 divide 376584584?
True
Does 574 divide 25754232?
True
Is 41 a factor of 48402345?
True
Is 461 a factor of 18892702?
True
Does 12 divide 116787612?
True
Is 979478 a multiple of 119?
False
Is 108 a factor of 223978824?
True
Is 836 a factor of 170867468?
False
Is 208991610 a multiple of 249?
False
Does 22 divide 4097148?
True
Does 3 divide 8732880?
True
Is 313 a factor of 308137232?
True
Is 3 a factor of 105400366?
False
Is 75529503 a multiple of 399?
True
Does 2384 divide 755497193?
False
Is 42 a factor of 110657425?
False
Is 36827315 a multiple of 5?
True
Is 28 a factor of 1247163940?
False
Is 90749332 a multiple of 3595?
False
Is 107 a factor of 456499343?
True
Does 257 divide 489312062?
False
Is 146827566 a multiple of 18?
True
Does 54 divide 729156869?
False
Is 4646844728 a multiple of 3544?
False
Is 423218996 a multiple of 1009?
True
Is 2399 a factor of 1255579024?
True
Is 1012 a factor of 60073332?
True
Is 61059171 a multiple of 3186?
False
Is 2515410 a multiple of 2221?
False
Is 1723071055 a multiple of 115?
False
Does 61 divide 75759917?
False
Does 23 divide 27682754?
True
Is 9130244 a multiple of 116?
True
Does 12 divide 134343768?
True
Does 12 divide 84510950?
False
Is 4392417 a multiple of 30?
False
Is 103 a factor of 704170171?
False
Does 31 divide 91015287?
True
Is 640 a factor of 3310471040?
True
Is 1190608236 a multiple of 21?
False
Is 123 a factor of 174750728?
False
Is 139576131 a multiple of 71?
True
Is 28 a factor of 10056760?
True
Is 282954636 a multiple of 65?
False
Is 1348 a factor of 71421084?
True
Does 524 divide 4375400?
True
Is 220 a factor of 25519374?
False
Does 24 divide 26461266?
False
Is 206995138 a multiple of 887?
False
Is 8044841 a multiple of 283?
True
Is 94 a factor of 28347086?
False
Is 55798098 a multiple of 287?
False
Does 363 divide 1260875418?
True
Is 33 a factor of 1715468502?
True
Is 13849440 a multiple of 120?
True
Does 4467 divide 612841879?
False
Is 59250080 a multiple of 20?
True
Does 265 divide 2443022810?
True
Is 118 a factor of 97728072?
True
Is 150482223 a multiple of 15?
False
Is 867 a factor of 4380735984?
True
Does 106 divide 47485098?
False
Does 23 divide 70354424?
True
Is 18278126 a multiple of 30?
False
Is 19131828 a multiple of 2?
True
Does 176 divide 73244512?
True
Does 1644 divide 7450394?
False
Does 5 divide 50352875?
True
Does 1540 divide 238753900?
True
Is 920 a factor of 364595460?
False
Is 3 a factor of 279496?
False
Is 95 a factor of 178612005?
False
Does 10 divide 1396640?
True
Does 247 divide 1769352357?
False
Does 458 divide 21754159?
False
Does 1284 divide 327524653?
False
Is 63 a factor of 1080908079?
False
Is 112114796 even?
True
Is 8 a factor of 3556791979?
False
Is 78688992 a multiple of 6744?
True
Is 93303543 a multiple of 14?
False
Is 63993581 a multiple of 39?
False
Does 5 divide 14082872?
False
Is 135418008 a multiple of 1812?
True
Is 241 a factor of 8266309?
False
Is 18450515 a multiple of 121?
False
Does 14 divide 17192899?
False
Does 220 divide 191164782?
False
Does 29 divide 1227946188?
True
Does 15 divide 241295625?
True
Does 455 divide 28631777?
False
Does 34 divide 176715266?
False
Is 2410877185 a multiple of 16?
False
Is 1724741270 a multiple of 35?
True
Is 169 a factor of 477496236?
False
Does 20 divide 852700?
True
Is 87371120 a multiple of 376?
True
Does 89 divide 1028952764?
False
Is 5 a factor of 52924950?
True
Does 27 divide 1033877304?
True
Is 50553927 a multiple of 2762?
False
Does 369 divide 120599901?
True
Is 18923480 a multiple of 230?
True
Is 149012370 a multiple of 1515?
True
Is 162 a factor of 52805071?
False
Is 2921106077 a multiple of 3932?
False
Is 47706047 a multiple of 89?
True
Does 599 divide 271910198?
False
Is 30947832 a multiple of 162?
True
Does 25 divide 9645125?
True
Does 66 divide 260628060?
True
Is 485570559 a multiple of 863?
False
Is 4460 a factor of 31112960?
True
Does 36 divide 1527116066?
False
Is 15 a factor of 62280255?
True
Does 50 divide 23720900?
True
Is 11 a factor of 53035936?
False
Is 46593072 a multiple of 36?
True
Does 955 divide 201222320?
True
Is 426639300 a multiple of 20?
True
Does 121 divide 4399923?
True
Does 531 divide 27441549?
True
Is 4 a factor of 64186115?
False
Does 184 divide 12691400?
True
Is 171 a factor of 30759212?
False
Is 1986476911 a multiple of 9?
False
Does 68 divide 435509567?
False
Does 321 divide 863264787?
False
Is 17 a factor of 105076405?
True
Is 396995190 a multiple of 15?
True
Is 3181 a factor of 683125291?
False
Is 108 a factor of 302793412?
False
Does 4083 divide 223357625?
False
Is 1587253505 a multiple of 144?
False
Does 768 divide 16818700?
False
Is 95774328 a multiple of 612?
True
Does 5021 divide 709620374?
False
Is 92 a factor of 384061176?
True
Is 68554155 a multiple of 185?
True
Is 78 a factor of 1061854560?
True
Does 11 divide 106938029?
True
Is 10824402 a multiple of 159?
True
Is 72809142 a multiple of 21?
True
Is 868412174 a multiple of 1439?
False
Is 165437081 a multiple of 17?
True
Is 379 a factor of 15025834?
True
Does 49 divide 83764373?
True
Does 41 divide 44530961?
True
Does 68 divide 5987712?
False
Does 52 divide 10960612?
True
Is 21008119 a multiple of 12?
False
Does 7 divide 165326793?
False
Is 38 a factor of 1804810?
True
Does 19 divide 5418193197?
True
Is 122569460 a multiple of 10?
True
Is 3299856 a multiple of 56?
True
Is 795 a factor of 236447310?
True
Is 960 a factor of 35989203?
False
Is 465528101 a multiple of 1642?
False
Is 76584775 a multiple of 870?
False
Is 378529600 a multiple of 20?
True
Is 126220330 a multiple of 5?
True
Is 10 a factor of 119068120?
True
Is 931895283 a multiple of 27?
False
Is 63237252 a multiple of 82?
True
Is 2974 a factor of 441924684?
False
Is 6006 a factor of 2250484236?
True
Does 47 divide 2420547?
True
Is 171880252 a multiple of 47?
False
Is 57459705 a multiple of 57?
True
Does 14 divide 819419664?
True
Is 61 a factor of 767107757?
True
Does 1232 divide 392429322?
False
Does 54 divide 187073887?
False
Does 51 divide 25751940?
True
Is 15 a factor of 12019845?
True
Does 652 divide 176194524?
True
Is 819 a factor of 163493302?
False
Is 26 a factor of 330595277?
False
Is 198958899 a multiple of 2071?
True
Is 249 a factor of 120606138?
True
Is 14 a factor of 407292025?
False
Is 781147304 a multiple of 266?
True
Is 925 a factor of 58381375?
True
Is 247 a factor of 52349580?
False
Is 10 a factor of 47255210?
True
Does 3 divide 18626756?
False
Is 655374797 a multiple of 7?
True
Is 307583527 a multiple of 922?
False
Does 185 divide 1376723565?
True
Is 166 a factor of 990159494?
False
Does 131 divide 230231194?
False
Is 41156459 a multiple of 304?
False
Does 123 divide 21506304?
True
Does 32 divide 227920160?
True
Is 3 a factor of 37659995?
False
Is 35620560 a multiple of 19?
False
Is 14 a factor of 85009848?
True
Is 2162 a factor of 149500138?
True
Is 13 a factor of 157951521?
True
Does 117 divide 12973428?
True
Is 25 a factor of 279414467?
False
Does 52 divide 259751596?
True
Is 85564318 a multiple of 10?
False
Is 1460623346 a multiple of 2298?
False
Does 6 divide 58051674?
True
Is 8346069 a multiple of 2947?
False
Is 91 a factor of 196419683?
False
Does 12 divide 208773202?
False
Is 10 a factor of 219543209?
False
Is 313663898 a multiple of 151?
False
Is 34 a factor of 88736269?
False
Is 153 a factor of 8468703?
True
Does 21 divide 32119064?
False
Is 94 a factor of 19161148?
True
Does 355 divide 192163985?
True
Does 432 divide 92360736?
True
Is 1322 a factor of 607411928?
False
Is 530 a factor of 9677270?
True
Is 233694818 a multiple of 34?
True
Is 111 a factor of 836335716?
True
Is 16 a factor of 139402993?
False
Is 953 a factor of 37424310?
True
Does 24 divide 78498150?
False
Is 33046495 a multiple of 30?
False
Is 18565342 a multiple of 5?
False
Is 78734474 a multiple of 14?
True
Is 70 a factor of 383152857?
False
Does 17 divide 13670510?
False
Is 23 a factor of 3243046?
True
Is 796505360 a multiple of 20?
True
Does 791 divide 114515597?
False
Does 72 divide 148336704?
True
Is 27 a factor of 28084293?
True
Is 51425280 a multiple of 124?
True
Is 7336680 a multiple of 40?
True
Is 1552624501 a multiple of 42?
False
Does 1245 divide 316952974?
False
Does 80 divide 2505455157?
